22 and 189.
1
What is the greatest common divisor of 10 and 125690?
10
Calculate the highest common factor of 1043359 and 3.
1
Calculate the greatest common divisor of 9294 and 54.
6
What is the highest common divisor of 1469530 and 20?
10
What is the greatest common divisor of 76309 and 137?
137
Calculate the highest common divisor of 19 and 4210457.
19
Calculate the highest common factor of 82802 and 304.
38
Calculate the greatest common divisor of 503256 and 468.
156
What is the highest common divisor of 1265742 and 1026?
342
What is the highest common factor of 2449 and 1705?
31
What is the greatest common factor of 741 and 531791?
247
What is the greatest common divisor of 930 and 1030?
10
Calculate the greatest common factor of 53 and 10879098.
53
What is the greatest common divisor of 2048 and 239104?
512
What is the greatest common factor of 71 and 37772?
71
Calculate the greatest common factor of 160 and 20390.
10
Calculate the highest common factor of 10 and 102062.
2
What is the greatest common factor of 40474 and 56?
14
Calculate the greatest common factor of 77600 and 2160.
80
Calculate the greatest common factor of 2225 and 25.
25
Calculate the highest common factor of 3910 and 2300.
230
Calculate the greatest common divisor of 28537 and 4.
1
Calculate the greatest common divisor of 57501 and 54.
9
Calculate the highest common factor of 142659 and 5109.
393
What is the greatest common factor of 2280 and 3402?
6
What is the highest common factor of 20 and 169640?
20
Calculate the greatest common divisor of 9263163 and 21.
21
Calculate the greatest common divisor of 22407 and 31913.
679
Calculate the greatest common divisor of 1235806 and 149.
149
What is the greatest common factor of 70 and 29365?
35
Calculate the greatest common divisor of 25 and 71.
1
What is the greatest common divisor of 1303790 and 40?
10
Calculate the greatest common divisor of 10918 and 1648.
206
What is the highest common divisor of 470935 and 970?
485
What is the highest common divisor of 51835 and 147?
7
Calculate the greatest common factor of 1320 and 350790.
330
What is the highest common factor of 95 and 438691?
19
Calculate the greatest common factor of 715 and 158535.
65
Calculate the highest common divisor of 33348 and 14784.
84
What is the highest common factor of 3365 and 2195?
5
Calculate the greatest common factor of 64079 and 19823.
461
What is the greatest common factor of 2674 and 9?
1
Calculate the greatest common divisor of 1060437 and 168.
21
What is the highest common factor of 1875980 and 9700?
1940
What is the greatest common factor of 28 and 11612188?
28
What is the greatest common divisor of 165294 and 27?
27
Calculate the greatest common factor of 7891 and 117.
13
What is the highest common divisor of 40 and 70720?
40
Calculate the greatest common factor of 4843 and 31229.
167
Calculate the highest common divisor of 2569 and 32296.
367
Calculate the greatest common divisor of 534793 and 133.
133
What is the greatest common factor of 645975 and 495?
495
What is the greatest common divisor of 4221 and 1386?
63
What is the greatest common divisor of 460 and 23841800?
460
Calculate the highest common factor of 11820 and 6860.
20
Calculate the greatest common factor of 5640 and 156.
12
What is the greatest common divisor of 467 and 64913?
467
Calculate the highest common divisor of 35737 and 169.
13
What is the highest common divisor of 26424 and 2484?
36
Calculate the greatest common factor of 106589 and 77.
7
Calculate the highest common divisor of 592 and 334736.
16
Calculate the highest common divisor of 720 and 1323.
9
Calculate the greatest common factor of 38793 and 12864.
201
Calculate the greatest common factor of 1510 and 35.
5
Calculate the highest common divisor of 42982 and 35.
1
What is the greatest common factor of 135459 and 1038?
519
What is the highest common divisor of 96 and 1308?
12
Calculate the greatest common divisor of 10884 and 57.
3
What is the greatest common divisor of 4731912 and 18?
18
What is the greatest common factor of 4187 and 9964?
53
What is the highest common factor of 140 and 33502?
14
Calculate the greatest common divisor of 441 and 709863.
147
What is the highest common divisor of 165 and 5137?
11
Calculate the greatest common factor of 458926 and 494.
494
Calculate the greatest common divisor of 338 and 1521.
169
Calculate the greatest common divisor of 7569 and 1131.
87
What is the highest common divisor of 4955077 and 37?
37
Calculate the highest common divisor of 5421 and 2652.
39
Calculate the highest common factor of 623 and 15659.
7
Calculate the greatest common factor of 17136 and 23184.
1008
Calculate the highest common divisor of 1664776 and 816.
136
Calculate the greatest common factor of 12617 and 248.
31
What is the greatest common factor of 3735 and 2905?
415
Calculate the highest common factor of 314681 and 31.
31
What is the highest common divisor of 160 and 47744?
32
What is the highest common divisor of 3438 and 3564?
18
Calculate the highest common factor of 142025 and 475.
475
Calculate the highest common divisor of 209 and 392491.
11
What is the greatest common factor of 1 and 204481?
1
What is the highest common divisor of 6198 and 30?
6
Calculate the greatest common factor of 305 and 571875.
305
Calculate the greatest common factor of 621210 and 105.
15
What is the greatest common divisor of 175 and 14735?
35
Calculate the highest common divisor of 48 and 5528.
8
What is the highest common divisor of 594 and 1425006?
594
What is the highest common divisor of 23305 and 1580?
395
What is the greatest common factor of 93 and 28489?
31
Calculate the highest common divisor of 24189 and 99.
33
What is the greatest common divisor of 1966822 and 33?
11
What is the highest common factor of 141886 and 976?
122
What is the greatest common factor of 1550 and 8950?
50
What is the greatest common factor of 26 and 4335929?
13
Calculate the greatest common divisor of 4771 and 481.
13
Calculate the greatest common divisor of 110 and 26851.
11
What is the highest common divisor of 13 and 132509?
13
Calculate the greatest common factor of 51 and 91851.
51
Calculate the greatest common divisor of 5201 and 623.
7
What is the greatest common factor of 30 and 1735845?
15
What is the highest common factor of 1056 and 53888?
32
Calculate the highest common divisor of 95161 and 121.
11
What is the greatest common divisor of 25 and 60025?
25
What is the greatest common divisor of 2356 and 1364?
124
What is the greatest common factor of 96333 and 3743?
197
Calculate the greatest common factor of 36 and 1143342.
18
What is the greatest common factor of 42 and 892521?
21
What is the greatest common divisor of 303 and 219473?
101
What is the greatest common divisor of 50 and 12230?
10
Calculate the highest common factor of 43734 and 666.
222
Calculate the greatest common divisor of 90 and 34956.
18
What is the highest common factor of 4484 and 19?
19
What is the highest common factor of 41418 and 246402?
702
Calculate the highest common factor of 95610 and 30.
30
What is the highest common factor of 2384 and 7913688?
1192
What is the greatest common divisor of 58873 and 452?
113
Calculate the greatest common factor of 34 and 711552.
34
Calculate the greatest common divisor of 546 and 292266.
78
What is the greatest common factor of 1493332 and 248?
124
Calculate the greatest common divisor of 12 and 862864.
4
What is the highest common divisor of 558 and 3472?
62
Calculate the greatest common factor of 41328 and 896.
112
What is the highest common divisor of 538846 and 154?
154
Calculate the greatest common divisor of 1046129 and 9027.
1003
Calculate the highest common factor of 3384678 and 330.
66
Calculate the highest common divisor of 74763 and 568.
71
What is the greatest common divisor of 4190048 and 69?
23
What is the greatest common divisor of 9537 and 4131?
51
What is the highest common factor of 2054 and 286?
26
What is the highest common divisor of 5014 and 1702?
46
Calculate the highest common divisor of 2842 and 245.
49
Calculate the highest common factor of 384 and 1500.
12
What is the highest common factor of 116 and 1682116?
116
What is the highest common factor of 51396 and 126?
6
Wh